lse
Does 12 divide 310489?
False
Is 25 a factor of 20421?
False
Is 410283 a multiple of 39?
False
Does 29 divide 23746?
False
Is 6311097 a multiple of 247?
True
Is 756200 a multiple of 575?
False
Is 47909 a multiple of 23?
True
Does 176 divide 6960331?
False
Is 3 a factor of 138583?
False
Is 113900 a multiple of 344?
False
Is 295504 a multiple of 15?
False
Is 12 a factor of 131316?
True
Is 156368 a multiple of 464?
True
Is 5 a factor of 91686?
False
Does 14 divide 142394?
True
Does 28 divide 2314903?
False
Is 1033972 a multiple of 11?
False
Is 6435818 a multiple of 554?
True
Does 302 divide 9060?
True
Is 1063881 a multiple of 794?
False
Does 422 divide 287031?
False
Is 62 a factor of 144274?
True
Does 19 divide 2064116?
False
Is 652484 a multiple of 4?
True
Is 164 a factor of 7391483?
False
Does 195 divide 273485?
False
Is 17 a factor of 1142570?
True
Is 69056 a multiple of 32?
True
Does 14 divide 60664?
False
Is 4106660 a multiple of 190?
True
Is 103 a factor of 18262827?
True
Is 455325 a multiple of 195?
True
Does 45 divide 314190?
True
Does 28 divide 47900?
False
Is 1678950 a multiple of 123?
True
Is 1015337 a multiple of 485?
False
Is 40 a factor of 111440?
True
Is 108235 a multiple of 255?
False
Is 283 a factor of 148292?
True
Is 3083734 a multiple of 73?
False
Is 57 a factor of 47659?
False
Is 309768 a multiple of 120?
False
Does 249 divide 1715815?
False
Does 450 divide 18535050?
True
Is 51653 a multiple of 16?
False
Is 13 a factor of 313274?
True
Is 3749075 a multiple of 135?
False
Is 1508364 a multiple of 33?
True
Does 169 divide 430633?
False
Does 144 divide 2171520?
True
Does 11 divide 75846?
False
Is 11153 a multiple of 12?
False
Is 253484 a multiple of 14?
True
Is 4362 a multiple of 4?
False
Is 261 a factor of 8974982?
False
Does 345 divide 892350?
False
Does 8 divide 178260?
False
Is 937357 a multiple of 70?
False
Does 35 divide 31157?
False
Is 10182986 a multiple of 11?
True
Does 116 divide 560860?
True
Does 3 divide 1029369?
True
Is 166 a factor of 4372726?
False
Is 44 a factor of 237935?
False
Does 86 divide 135991?
False
Is 2487808 a multiple of 904?
True
Is 89 a factor of 270896?
False
Does 21 divide 120370?
False
Is 23 a factor of 1136651?
False
Is 284 a factor of 383968?
True
Does 217 divide 806933?
False
Is 8 a factor of 4414528?
True
Does 245 divide 1192415?
True
Does 341 divide 1029652?
False
Is 14669559 a multiple of 311?
True
Is 528 a factor of 695904?
True
Is 299452 a multiple of 43?
True
Does 31 divide 1981241?
True
Does 58 divide 4100890?
True
Is 28074434 a multiple of 239?
False
Does 291 divide 10227497?
False
Is 41 a factor of 280153?
True
Is 179 a factor of 31504?
True
Does 305 divide 241865?
True
Is 23576 a multiple of 14?
True
Is 70 a factor of 468930?
True
Does 218 divide 499220?
True
Does 611 divide 1407927?
False
Does 198 divide 482526?
True
Is 79755 a multiple of 47?
False
Is 106455 a multiple of 47?
True
Is 6 a factor of 5055348?
True
Is 475821 a multiple of 858?
False
Is 154562 a multiple of 20?
False
Is 55 a factor of 367400?
True
Does 463 divide 1598739?
True
Is 41 a factor of 190678?
False
Is 32 a factor of 1052960?
True
Is 621 a factor of 1906927?
False
Is 523666 a multiple of 143?
True
Is 205 a factor of 4685668?
False
Does 32 divide 1048239?
False
Is 38381 a multiple of 10?
False
Is 485100 a multiple of 126?
True
Is 19767 a multiple of 33?
True
Does 4 divide 146511?
False
Does 269 divide 3060682?
True
Does 6 divide 1019670?
True
Is 210 a factor of 354465?
False
Is 570 a factor of 2912130?
True
Is 1146807 a multiple of 84?
False
Is 8287562 a multiple of 1247?
True
Is 4 a factor of 14892?
True
Does 1240 divide 12860040?
True
Does 344 divide 108820?
False
Does 556 divide 1700804?
True
Does 59 divide 192694?
True
Does 767 divide 5069426?
False
Is 22672441 a multiple of 187?
True
Is 22 a factor of 23474?
True
Is 34094 a multiple of 358?
False
Is 35 a factor of 371490?
True
Is 444826 even?
True
Is 749525 a multiple of 14?
False
Does 18 divide 10219446?
True
Is 94 a factor of 14438?
False
Is 208272 a multiple of 293?
False
Does 167 divide 27889?
True
Does 22 divide 24750?
True
Is 2664145 a multiple of 55?
True
Is 408598 a multiple of 134?
False
Is 1229645 a multiple of 83?
True
Is 6 a factor of 297671?
False
Is 14 a factor of 1423001?
False
Does 270 divide 486025?
False
Is 63037 a multiple of 96?
False
Is 1941435 a multiple of 15?
True
Is 100422 a multiple of 12?
False
Is 13 a factor of 3143322?
True
Is 15 a factor of 15233?
False
Is 246 a factor of 54376?
False
Is 32 a factor of 1188288?
True
Is 17436199 a multiple of 334?
False
Is 426440 a multiple of 39?
False
Does 28 divide 31304?
True
Does 329 divide 210231?
True
Is 10450684 a multiple of 6?
False
Is 43 a factor of 1021852?
True
Is 218 a factor of 1123572?
True
Does 218 divide 491590?
True
Does 4 divide 19800?
True
Does 10 divide 82510?
True
Is 2 a factor of 730332?
True
Is 5 a factor of 792963?
False
Does 19 divide 1346578?
False
Is 74 a factor of 1202410?
False
Does 14 divide 117094?
False
Is 476814 a multiple of 78?
True
Does 14 divide 685226?
False
Is 7410 a multiple of 78?
True
Does 498 divide 63246?
True
Is 100 a factor of 612400?
True
Is 1616653 a multiple of 399?
False
Is 514030 a multiple of 5?
True
Is 568 a factor of 467326?
False
Is 6 a factor of 494060?
False
Does 1623 divide 6831207?
True
Is 28 a factor of 210156?
False
Is 609 a factor of 1317267?
True
Is 1168262 a multiple of 233?
True
Does 5 divide 92815?
True
Is 9312688 a multiple of 1232?
True
Is 202377 a multiple of 43?
False
Does 50 divide 27734?
False
Does 120 divide 47160?
True
Does 15 divide 216823?
False
Does 204 divide 412896?
True
Is 14904 a multiple of 69?
True
Does 12 divide 477828?
True
Is 5 a factor of 99576?
False
Is 2908848 a multiple of 48?
True
Is 4367500 a multiple of 50?
True
Does 10 divide 5801180?
True
Is 175 a factor of 266700?
True
Is 457398 a multiple of 9?
True
Is 1742508 a multiple of 998?
True
Is 62696 a multiple of 2?
True
Is 8 a factor of 1490371?
False
Is 409996 a multiple of 360?
False
Is 276120 a multiple of 60?
True
Is 5 a factor of 103355?
True
Does 42 divide 4329555?
False
Does 73 divide 123370?
True
Is 11023991 a multiple of 797?
False
Does 128 divide 325248?
True
Is 102 a factor of 12811098?
True
Is 2254072 a multiple of 149?
True
Does 129 divide 202647?
False
Is 19 a factor of 84797?
True
Does 12 divide 20616?
True
Is 218 a factor of 129492?
True
Does 113 divide 16460?
False
Does 309 divide 259352?
False
Is 1322092 a multiple of 25?
False
Is 498 a factor of 25936338?
True
Does 18 divide 18108?
True
Is 2782520 a multiple of 18?
False
Does 70 divide 1466360?
True
Is 39216 a multiple of 57?
True
Is 72 a factor of 1982379?
False
Does 8 divide 7013296?
True
Is 13 a factor of 1168453?
True
Does 166 divide 4813838?
False
Does 8 divide 1138056?
True
Is 270260 a multiple of 39?
False
Is 160 a factor of 703200?
True
Does 129 divide 374874?
True
Is 3 a factor of 165455?
False
Does 281 divide 326586?
False
Is 680 a factor of 1003680?
True
Is 5816913 a multiple of 124?
False
Is 233532 a multiple of 13?
True
Does 98 divide 406504?
True
Is 14318773 a multiple of 9?
False
Is 471709 a multiple of 853?
True
Is 126 a factor of 7687890?
True
Is 2705515 a multiple of 508?
False
Is 2962583 a multiple of 148?
False
Is 50 a factor of 347949?
False
Does 17 divide 131188?
False
Is 230 a factor of 9660?
True
Is 189962 a multiple of 19?
True
Is 2326601 a multiple of 61?
True
Does 4 divide 24143?
False
Is 858 a factor of 6689520?
False
Is 81 a factor of 7548795?
True
Does 28 divide 3823453?
False
Is 6 a factor of 20914?
False
Is 6031579 a multiple of 395?
False
Is 596 a factor of 4225640?
True
Does 9 divide 315471?
False
Is 350732 a multiple of 68?
False
Is 13 a factor of 122957?
False
Is 52 a factor of 13021543?
False
Is 23009 a multiple of 173?
True
Is 37 a factor of 49626?
False
Is 28 a factor of 1203216?
True
Is 19 a factor of 228583?
False
Is 5161650 a multiple of 15?
True
Is 4820148 a multiple of 348?
True
Does 45 divide 48465?
True
Does 21 divide 7737135?
True
Does 374 divide 7984152?
True
Is 135 a factor of 1257004?
False
Is 207044 a multiple of 271?
True
Does 3 divide 131298?
True
Does 68 divide 246916?
False
Is 244728 a multiple of 99?
True
Is 646 a factor of 9